 r?
2, 3, 5
Let q be (4 + -6 - 31) + 3. Let s = 2 - 0. What are the prime factors of (s + q)*3/(-4)?
3, 7
Let l(n) = -14*n + 15. Let x(d) = -15*d + 15. Let v(s) = 4*l(s) - 3*x(s). What are the prime factors of v(-4)?
59
Let r(f) = 5*f**2 + 36*f + 68. What are the prime factors of r(11)?
1069
Suppose 8 = -4*f - 2*h, -5 - 7 = -f + 3*h. Let b be (-125)/3 + (-1)/3. What are the prime factors of (-3)/(9/b) + f?
2, 7
Let l be -4 + (-102)/(-12)*-6. Suppose 0 = 4*f - 8*f + 24. Let t = f - l. What are the prime factors of t?
61
List the prime factors of ((-1)/6)/(7/(-63966)).
1523
Let x(z) = 19 - 45*z - 5*z**2 + 4*z**2 + z**3 + 6 + 44*z. Let a(l) = -l + 10. Let c be a(10). List the prime factors of x(c).
5
Let o(u) = -2*u + 6. Let k be o(6). Let f(d) be the second derivative of d**5/20 + 7*d**4/12 + d**3/3 - 5*d**2/2 + 17*d. What are the prime factors of f(k)?
19
Let g(c) be the third derivative of c**6/60 + c**5/60 - c**3/6 + 6*c**2. Let l be g(-1). List the prime factors of (-93)/(-6) + (-1)/l.
2
Let q(v) = -v**2 + 6*v - 9. Let w be q(6). What are the prime factors of (3/2)/(w/(-24))?
2
Let o(v) = v**3 + 17*v**2 - 2*v + 5. Let y be o(-17). Suppose -t = -y + 5. What are the prime factors of t?
2, 17
Let d be -2 - (-1410)/8 - (-6)/8. Suppose -5*h = 5*m - d, 0*m - 3*m + 4*h = -91. List the prime factors of m.
3, 11
Let r(m) be the first derivative of m**4/4 + 5*m**3/3 - 17*m**2/2 + 3*m - 5. List the prime factors of r(-7).
2, 3
Let x = 232 + 43. What are the prime factors of x?
5, 11
Suppose -8*b = -9*b + 313. Suppose 107 = 3*u - b. List the prime factors of u.
2, 5, 7
Suppose 0 = -0*w - 4*w - 4*b + 32, -20 = -5*w - b. Suppose w*g + 5*p - 121 = 0, 0 = 5*g - 4*p + 2*p - 150. List the prime factors of g.
2
Suppose -m - 5*l = -l - 235, 5*l - 951 = -4*m. List the prime factors of m.
239
Let r = 243 + -81. What are the prime factors of r?
2, 3
Suppose -9 = 5*f + 6. What are the prime factors of -3 + (0 + f - (-79 + -1))?
2, 37
Let h = 10 + -16. What are the prime factors of ((-18)/4)/(h/60)?
3, 5
Let o(y) be the first derivative of -y**5/60 - y**4/3 + y**3 + y**2 + 5. Let q(v) be the second derivative of o(v). What are the prime factors of q(-7)?
13
Let v(f) = -f**3 - f**2 - 48. Let k be v(0). Suppose -5*q + 7 = -8. List the prime factors of 1/q + (-1856)/k.
3, 13
Let l(g) = g**2 - 26*g + 129. What are the prime factors of l(35)?
2, 3, 37
Suppose -5*l - 2*r = 2*r - 57, -5*l + 4*r + 33 = 0. Let g = 11 - l. Suppose 4*v = k + 92, -v + 22 = -k + g. List the prime factors of v.
2, 3
Let h = 3305 + -2452. List the prime factors of h.
853
Let p(n) = -199*n - 237. What are the prime factors of p(-8)?
5, 271
Let n = -942 - -2732. List the prime factors of n.
2, 5, 179
Let k(g) = -g**2 + 3*g + 59. Let a(s) be the second derivative of s**4/12 - 7*s**3/3 + 13*s**2/2 - 2*s. Let l be a(13). List the prime factors of k(l).
59
Let s(d) = d**2 + 2*d + 61. Let k = 24 + -24. Let y be s(k). What are the prime factors of -4 + y + 4 + -2?
59
Let p = -389 - -768. List the prime factors of p.
379
Let w(o) = o - 1. Let l be w(-5). Let x(u) = u + 8. List the prime factors of x(l).
2
Let v(u) = 5*u**3 - 30*u**2 - 25*u - 56. Let h(q) = 2*q**3 - 10*q**2 - 8*q - 19. Let y(p) = 8*h(p) - 3*v(p). List the prime factors of y(-6).
2, 47
Let f(m) = m**2 + 16*m + 2. Let t be f(-16). Suppose 0 = -t*n + 472 - 112. List the prime factors of n.
2, 3, 5
Suppose -3 + 7 = -2*r. Let c(g) = g**3 + 4*g**2 + g - 3. What are the prime factors of c(r)?
3
Let c(q) = -2*q + 2. Let k(v) = 3*v - 3. Let l(w) = 4*c(w) + 3*k(w). Let g(b) = 4*b - 11. Let i(o) = -g(o) + 3*l(o). What are the prime factors of i(4)?
2
Let v = 31 - 23. Let f(t) = -t**2 + 15*t - 10. What are the prime factors of f(v)?
2, 23
Suppose 0 = -34*d + 13*d + 46200. What are the prime factors of d?
2, 5, 11
Suppose -5*x - 3*d = 438 - 73, 5*d = -x - 73. Let k = x + 124. List the prime factors of k.
3, 17
Suppose -a + 0 = -4. Suppose -u + t = -58, -178 = u - a*u + t. What are the prime factors of u?
2, 3, 5
Let d be 0 - 8/(-14) - 62/(-14). Suppose -184 = -d*q + 331. What are the prime factors of q?
103
What are the prime factors of (14/6)/7*237?
79
Let l(u) = 548*u**2 - 7*u - 4. List the prime factors of l(-1).
19, 29
Suppose 6*r - 290 = r. List the prime factors of r.
2, 29
Suppose 0*z = -4*z. Let f be 5 + 111 + -8 - 4. Suppose z = 4*l - 0*l - f. List the prime factors of l.
2, 13
Suppose 2*x = -3*q - 10 - 49, -100 = 5*q + 5*x. Let f = -16 - q. Suppose -f*d + 5*d - 14 = 0. What are the prime factors of d?
7
Let b be 2/(16/(-70)) - (-3)/(-12). Let t(a) = -5*a - 25. List the prime factors of t(b).
2, 5
Let h = 322 + -214. Let v be 1 + -1 - 3 - -16. Suppose -h = -v*z + 9*z. What are the prime factors of z?
3
Suppose 0 = -5*c - 0*c. Let r(o) = o**3 + 9*o**2 + 7*o - 6. Let f be r(-8). What are the prime factors of 2 - (c - (19 - f))?
19
Let x(s) = 13*s**3 - s + 3. Let f(j) = -j**2 - 15*j - 24. Let w be f(-13). List the prime factors of x(w).
3, 5, 7
Let j(z) = z**3 - 3*z**2 - 2*z - 3. Let n be j(4). Suppose 0 = 10*c - n*c - 190. List the prime factors of (c/(-57))/((-4)/222).
37
Suppose 4*d = -411 - 117. Let b = 107 - d. List the prime factors of b.
239
Suppose -s = -3*c + 11, c - 3*s = -4*c + 25. Suppose o = -c*o + 15. What are the prime factors of 2 + 1 - (-105)/o?
2, 3
Suppose -7*a + 3*a = -8. Let t be -5 + 3 + 3 + -71. What are the prime factors of ((-56)/t)/(a/85)?
2, 17
Suppose -107*u - 142786 = -154*u. List the prime factors of u.
2, 7, 31
Let f(y) = 20*y**2 - 8*y - 75. List the prime factors of f(-6).
3, 7, 11
What are the prime factors of 87/232 + 26/16 + 212?
2, 107
Suppose 26*r - 37773 = -2491. What are the prime factors of r?
23, 59
Let q = -112 + 409. What are the prime factors of q?
3, 11
Let s(u) = -u**3 + 22*u**2 - 23*u - 11. Let n be s(21). Let t = -35 - n. What are the prime factors of t?
2, 3
Let h(i) = 2*i - 12. Let k be h(7). Suppose -a = k*l - l - 124, 3*a - 114 = -l. List the prime factors of l.
3, 43
Let h(d) = 8*d**2 - 3*d. Let r be h(9). Suppose -5*u = -304 - r. Suppose -u = -3*w + x, 0 = -x - 0*x + 4. List the prime factors of w.
3, 7
Let g = 317 + -40. Suppose -5*z + g = -123. What are the prime factors of z?
2, 5
Let u be 243/(-6)*(-12)/9. Let f = u + -24. What are the prime factors of f?
2, 3, 5
Let s(j) = -j**3 - 9*j**2 - 2*j - 1. Let z be s(-11). Suppose -3*v + 3*w = -765, -v + 5*w = -0*w - z. What are the prime factors of v?
11, 23
Let y(v) = 28*v + 161. List the prime factors of y(20).
7, 103
What are the prime factors of (-11)/11*(-1 + -50)?
3, 17
Let t(m) = m + 9. Let f be t(-6). Suppose -c - 72 = -f*c. What are the prime factors of c?
2, 3
Let j be 2 + 0 + -4 + 6. List the prime factors of (7 + 0)/(2/j).
2, 7
Suppose -2*g + 50 = -7*g. Let p be g/(1*6/(-3)). Suppose 4*j = 2*j - 3*v + 32, p*j - 103 = 4*v. List the prime factors of j.
19
Let m = -146 - -150. Suppose m*y - 413 - 483 = -5*h, -5*y + h = -1091. List the prime factors of y.
3, 73
Suppose 6*w - 740 - 112 = 0. Let n = -442 + w. What are the prime factors of (16/20)/((-8)/n)?
2, 3, 5
Suppose 0 = -56*c + 14110 + 17306. List the prime factors of c.
3, 11, 17
Suppose 2*i + 2*i = i. Let h(v) = v**2 - 2*v - 1. Let q be h(6). Suppose 3*p - 25 = 2*d, p + i*p = -3*d + q. What are the prime factors of p?
11
Let x(r) = -6 - 6*r**2 + 3*r - 4*r**2 + 11*r**2. List the prime factors of x(-8).
2, 17
Suppose 3*p - 1 = -2*x + 56, 0 = 5*p + 2*x - 99. Let w = p + -6. Suppose -5*t + w = -5, -3*k = -2*t - 22. What are the prime factors of k?
2, 5
Let p = 731 - 400. Suppose p = 5*j + 46. What are the prime factors of j?
3, 19
Let f = -286 + 715. List the prime factors of f.
3, 11, 13
Let c = 1847 + -1046. List the prime factors of c.
3, 89
Let v(i) be the first derivative of -i**4 + i**2/2 + i - 12. What are the prime factors of v(-2)?
31
Suppose 5*h - 345 = -3*w, 2*w + 4 = 2*h - 118. Let a = h - 45. What are the prime factors of a?
3, 7
Suppose 0*b = b + 70. Let g be (-30)/b - 25/(-7). Suppose g*i - 6*i = -28. What are the prime factors of i?
2, 7
Let j = 2225 + -1518. What are the prime factors of j?
7, 101
Let c(i) = -i**3 - 4*i**2 + 4*i + 9. Let l be c(-5). Suppose 5*y = -u + l, 1 = 3*u - 4*u. List the prime factors of y.
3
Suppose -u + i + 680 = 0, 7*i - 6*i = -4*u + 2725